752 and p.
56
Suppose 2*q - 47*q + 12398 = 2588. What is the greatest common divisor of 3161 and q?
109
Let y(i) = -i**2 - i + 416. Let l be y(0). Let q be (36/24)/((-6)/l). Let d = -53 - q. What is the greatest common divisor of d and 34?
17
Let b = -2271 - -2604. Calculate the highest common factor of 74 and b.
37
Suppose -167*r - 693 = -178*r. Suppose b + 2*o = -3*o + 69, -5*o = 15. Calculate the greatest common factor of r and b.
21
Suppose -6*v - 12 = -2*v, 3*v + 3 = f. Let i be (1/3)/(f/(-18)). Let b be (7 - i) + (-2)/(-1). Calculate the highest common divisor of 56 and b.
8
Let w(z) = z**3 - 23*z**2 + 63*z + 5. Let v be w(20). Suppose -2*x + 22 - 6 = 0. Suppose y + x = -y, y + 29 = 5*a. What is the highest common factor of v and a?
5
Let s(d) = 93*d - 3. Let p be s(2). Let b = -261 + p. Let j be (b/13)/((-4)/10). Calculate the greatest common divisor of j and 6.
3
Suppose -24*y - 21*y + 459 = -1386. Let v be 0 + 1*-1 + 288. Calculate the greatest common factor of y and v.
41
Let z = 21164 - 21074. What is the greatest common factor of z and 14820?
30
Let c(z) = 12*z - 15. Let l be c(3). Suppose 51*x = 54*x - l. Calculate the greatest common factor of 14 and x.
7
Let k = 1 + 10. Suppose -7*c + 12*c - 3*v - 2491 = 0, 0 = v + 2. Let x = -376 + c. What is the highest common divisor of k and x?
11
Let n = -1873 - -2900. Calculate the highest common divisor of 2133 and n.
79
Suppose 130 = 6*v - 56. Let i = v - 31. Suppose 0 = 3*o - i*o - 57. What is the highest common factor of o and 76?
19
Let f(s) = 2*s + 12. Let n be f(6). Let l = 36 - n. Suppose 5*x - 3*x = 8. What is the highest common factor of l and x?
4
Let v = -18 - -30. Suppose 3*l = 2*l + 68. Suppose -38 = -0*a - 4*a - 2*y, l = 4*a - 4*y. Calculate the greatest common factor of v and a.
12
Suppose 43506 + 9194 = 496*r - 8804. What is the highest common divisor of 2139 and r?
31
Suppose 289*z - 251*z = 456. What is the greatest common divisor of 498 and z?
6
Suppose 2*n + 4*p - 216 - 8 = 0, 0 = 3*n + 2*p - 328. Calculate the highest common divisor of 4374 and n.
54
Let m(n) = -78*n + 264. Let x be m(-4). Calculate the highest common divisor of 18 and x.
18
Let a(y) = -14*y + 70. Let w be a(-4). Calculate the greatest common divisor of w and 861.
21
Suppose -k + 73 + 8 = -2*l, 4*l = k - 165. Let z be (l/35)/((-6)/220). Let p = z - 4. Calculate the greatest common divisor of 8 and p.
8
Let k = 35 - 29. Suppose 3*s - k*s = -3. Suppose 3 = 2*x + 5*b - 26, -4*b = -x - 5. Calculate the highest common factor of s and x.
1
Suppose 300 = 2*h + h. Let j = -30 - -69. Let t be (1 - -42) + j/(-13). What is the highest common divisor of h and t?
20
Let f(z) = -49*z**3 + 441*z**2 + 1756*z - 9. Let w be f(-4). What is the greatest common factor of 468 and w?
117
Let k be 402/9 + 4 - 4/(-3). What is the greatest common divisor of k and 250?
50
Let s(g) = 8*g - 124. Let l be s(24). Suppose 5*c = r + l, -13 = -5*c - 3*r + 63. Calculate the highest common divisor of 2 and c.
2
Let b(w) = 4*w**3 - w + 1. Let t be b(1). Suppose 24*s - 38 = -14*s. Let v be (20/30)/(s/54). Calculate the highest common factor of t and v.
4
Let l = -157 - -217. Suppose 5*g - 135 = -3*k, -3*g + 0*g + 47 = -5*k. Calculate the highest common divisor of g and l.
12
Let o be 184/(-40) + 5 + 158/5. Let l(p) be the third derivative of 5*p**4/8 - 3*p**3/2 + 3*p**2. Let d be l(7). What is the greatest common factor of o and d?
32
Let c = 1474 - 1448. Calculate the highest common divisor of 5174 and c.
26
Let c(s) = 10*s**3 - 3*s**2 - 125*s + 612. Let f be c(5). Calculate the greatest common factor of 28 and f.
14
Let b be 2 + 0 + 11 - 3/15*0. Suppose -2*x = -6*x - 5*v + 1637, 0 = 5*x - 4*v - 1995. Calculate the greatest common factor of x and b.
13
Let b(s) = 3*s**2 + 362*s + 2420. Let n be b(-7). Calculate the highest common divisor of n and 1413.
3
Suppose -4*g = -2*y - 44, -y + 46 = 5*g - 9. Suppose 3*s = -2*s - 10. Let t be 33*6/(-9)*s. What is the highest common factor of g and t?
11
Let v be 2/(-13) - (-48376)/104. Suppose -5*q = 3*r - v, r = 8*q - 5*q + 169. Calculate the highest common factor of r and 8.
8
Let b = 0 + -2. Let c = 2412 - 2374. Let f be c + b - 2 - 2. What is the greatest common divisor of 8 and f?
8
Let g = -850 - -845. Suppose -2*z = -5*z + 198. Let l be (-1 - g) + (z - -7). What is the highest common divisor of l and 7?
7
Suppose -30*n + 27*n = -2*y - 34, 6 = 3*n. Let p(r) = -r**3 - 12*r**2 + 21*r - 19. Let g be p(y). Calculate the highest common divisor of 79 and g.
79
Suppose -682 = -7*g + 88. What is the highest common divisor of g and 16?
2
Suppose -24*r = -35*r + 25*r - 80290. What is the highest common factor of 1550 and r?
155
Suppose -2*n - 10 = 0, -5*o + 4*n = -9*o - 72. Let a be 12/4 - 6 - o. Calculate the highest common divisor of 6 and a.
2
Suppose 0 = 2*u - 6560 - 12240. Calculate the highest common factor of 47 and u.
47
Let l be 26 + -21 - (4 - (122 - 3)). Calculate the highest common divisor of 15 and l.
15
Suppose 3*z + 0*z = 2*m + 33, -z - 3 = 4*m. Let u be (12/(-14))/(z/126). Let a be ((-92)/12)/(1/u). Calculate the greatest common divisor of a and 23.
23
Suppose -1 = -a + 5*w + 24, 3*w = -a + 1. Suppose -a = -2*p + 4*p. Let c be (p/10)/(-1) - 15/(-2). What is the highest common factor of 12 and c?
4
Let a(k) = -136*k**3 + 2*k**2 - 24*k - 24. Let p be a(-4). Calculate the highest common divisor of p and 30.
6
Let o = -439 + 472. Suppose 0 = -o*l - 2612 + 14096. Calculate the greatest common factor of 24 and l.
12
Suppose 4*t - 78 = -3*x + t, x + 5*t - 18 = 0. Let h be (-4 - -7)*14/3. Calculate the highest common divisor of x and h.
14
Suppose -19327 - 193 = 5*n. Let q be (-16)/(-168) - n/21. Calculate the greatest common factor of q and 62.
62
Let s be (1 - 0)*3424/(-32). Let g = s + 126. Let k be (g + 0)/(19/76). What is the greatest common divisor of 4 and k?
4
Let u = 6269 + -6263. Calculate the highest common factor of 56 and u.
2
Let u be 32/112 + (-2728)/(-14) - (-252)/294. What is the highest common factor of 1876 and u?
28
Suppose -2199*z = -2191*z - 904. Let y be 1 - 2 - (-1 + -2). Suppose -4*w - 3*d = -279, 263 - z = 2*w - y*d. Calculate the highest common factor of 24 and w.
24
Let t(f) = 12*f**2 + 15*f - 1. Let m be t(-3). What is the greatest common factor of m and 8?
2
Let s be (-3)/7 - 429/(-21). Suppose 25*f = s*f + 455. Suppose 3*i + 5*t - f = -5, 128 = 4*i + 4*t. Calculate the highest common divisor of 111 and i.
37
Let h(a) = -8*a + 17*a - 3*a - 4 - 5*a. Let s be h(7). Suppose -14 = -2*t + 3*q, -3*t + 12 + 3 = -s*q. What is the greatest common factor of 9 and t?
1
Let i = 43 - 38. Suppose 3*y + 4*b = -y + 116, -i*b = -3*y + 95. Let v = y + -24. What is the greatest common divisor of v and 12?
6
Suppose -8 = -5*q + 12. Suppose -l = -4*l + 5*d + 211, -5*l + d = -359. Suppose 0 = -4*x + l - q. Calculate the greatest common factor of 119 and x.
17
Let d be ((4/(-8))/(1 - 2))/(4/704). Calculate the highest common divisor of d and 6952.
88
Suppose -5*v = 4*r - 40 - 81, -20 = -5*r. Suppose v*o - 450 = 11*o. Calculate the greatest common factor of 180 and o.
45
Let v = 7 - 9. Let z(s) = -2 - 34*s + 53*s - 29*s. Let n be z(v). What is the highest common divisor of 27 and n?
9
Suppose 8*r + 3383 = 4*u + 7*r, -2*u = 3*r - 1681. Suppose 180 = -7*f + u. What is the greatest common divisor of f and 1045?
95
Suppose 0*p + 3*p + 3*s - 9 = 0, 3*s = 5*p - 23. Let x(m) = 5*m - 50. Let d be x(13). Suppose 6*y - 75 = -d. What is the greatest common divisor of y and p?
2
Let k(j) = j**2 + 14*j + 0*j**2 - 83 + 9*j + 135. Let c be k(-21). Calculate the greatest common factor of c and 90.
10
Let t(d) = -26*d. Let a be t(-2). Suppose -88*f = -103*f + 330. Suppose -f*u + 82*u = 4680. Calculate the highest common divisor of u and a.
26
Let d = -740 - -692. Let n be d/(-128) + 3/24*453. Calculate the highest common divisor of n and 209.
19
Suppose -3*c - 14 = -30*l + 31*l, 0 = -2*l + c + 14. Calculate the greatest common divisor of 332 and l.
4
Suppose 3*r = -r + 24. Let n be -216*116/(-29) - -18. Calculate the highest common divisor of r and n.
6
Suppose 2*p + 31 - 27 = 0. Let b(w) = -w**3 + 4*w**2 + 4*w. Let k be b(6). Let n be (21/6)/(p/k). Calculate the greatest common factor of n and 12.
1